{"id":175,"date":"2023-04-13T09:55:23","date_gmt":"2023-04-13T07:55:23","guid":{"rendered":"http:\/\/fayssac.fr\/?page_id=175"},"modified":"2024-05-20T08:37:35","modified_gmt":"2024-05-20T06:37:35","slug":"lequipe-municipale","status":"publish","type":"page","link":"https:\/\/fayssac.fr\/?page_id=175","title":{"rendered":"l&#8217;\u00e9quipe municipale"},"content":{"rendered":"\t\t<div data-elementor-type=\"wp-page\" data-elementor-id=\"175\" class=\"elementor elementor-175\">\n\t\t\t\t\t\t\t\t\t<section class=\"elementor-section elementor-top-section elementor-element elementor-element-f3e8fc6 elementor-section-boxed elementor-section-height-default elementor-section-height-default\" data-id=\"f3e8fc6\" data-element_type=\"section\" data-settings=\"{&quot;_ha_eqh_enable&quot;:false}\">\n\t\t\t\t\t\t<div class=\"elementor-container elementor-column-gap-default\">\n\t\t\t\t\t<div class=\"elementor-column elementor-col-100 elementor-top-column elementor-element elementor-element-b895c08\" data-id=\"b895c08\" data-element_type=\"column\">\n\t\t\t<div class=\"elementor-widget-wrap elementor-element-populated\">\n\t\t\t\t\t\t\t\t<div class=\"elementor-element elementor-element-e7bfefd elementor-widget elementor-widget-text-editor\" data-id=\"e7bfefd\" data-element_type=\"widget\" data-widget_type=\"text-editor.default\">\n\t\t\t\t<div class=\"elementor-widget-container\">\n\t\t\t<style>\/*! elementor - v3.12.1 - 02-04-2023 *\/\n.elementor-widget-text-editor.elementor-drop-cap-view-stacked .elementor-drop-cap{background-color:#69727d;color:#fff}.elementor-widget-text-editor.elementor-drop-cap-view-framed .elementor-drop-cap{color:#69727d;border:3px solid;background-color:transparent}.elementor-widget-text-editor:not(.elementor-drop-cap-view-default) .elementor-drop-cap{margin-top:8px}.elementor-widget-text-editor:not(.elementor-drop-cap-view-default) .elementor-drop-cap-letter{width:1em;height:1em}.elementor-widget-text-editor .elementor-drop-cap{float:left;text-align:center;line-height:1;font-size:50px}.elementor-widget-text-editor .elementor-drop-cap-letter{display:inline-block}<\/style>\t\t\t\t<p>Au terme de 2 tours d&#8217;\u00e9lections municipales partielles, le conseil municipal est \u00e0 nouveau au complet depuis le 19 mars 2023. Le conseil municipal du 25 mars 2023 a permis d&#8217;\u00e9lire Madame le Maire en la personne de St\u00e9phanie Nada\u00ef-Puech qui succ\u00e8de \u00e0 Serge Lazaro.<\/p>\n<p>Elle est accompagn\u00e9e par 3 adjoints : Gilles Raucoules 1er adjoint, Nicolas Granier 2\u00e8me adjoint et Christine Pech 3\u00e8me adjointe.&nbsp;<\/p>\t\t\t\t\t\t<\/div>\n\t\t\t\t<\/div>\n\t\t\t\t\t<\/div>\n\t\t<\/div>\n\t\t\t\t\t\t\t<\/div>\n\t\t<\/section>\n\t\t\t\t\t\t\t<\/div>\n\t\t","protected":false},"excerpt":{"rendered":"<p>Au terme de 2 tours d&#8217;\u00e9lections municipales partielles, le conseil municipal est \u00e0 nouveau au complet depuis le 19 mars 2023. Le conseil municipal du 25 mars 2023 a permis d&#8217;\u00e9lire Madame le Maire en la personne de St\u00e9phanie Nada\u00ef-Puech&#8230;<\/p>\n","protected":false},"author":1,"featured_media":0,"parent":0,"menu_order":0,"comment_status":"closed","ping_status":"closed","template":"","meta":{"footnotes":""},"class_list":["post-175","page","type-page","status-publish","hentry"],"_links":{"self":[{"href":"https:\/\/fayssac.fr\/index.php?rest_route=\/wp\/v2\/pages\/175","targetHints":{"allow":["GET"]}}],"collection":[{"href":"https:\/\/fayssac.fr\/index.php?rest_route=\/wp\/v2\/pages"}],"about":[{"href":"https:\/\/fayssac.fr\/index.php?rest_route=\/wp\/v2\/types\/page"}],"author":[{"embeddable":true,"href":"https:\/\/fayssac.fr\/index.php?rest_route=\/wp\/v2\/users\/1"}],"replies":[{"embeddable":true,"href":"https:\/\/fayssac.fr\/index.php?rest_route=%2Fwp%2Fv2%2Fcomments&post=175"}],"version-history":[{"count":10,"href":"https:\/\/fayssac.fr\/index.php?rest_route=\/wp\/v2\/pages\/175\/revisions"}],"predecessor-version":[{"id":1755,"href":"https:\/\/fayssac.fr\/index.php?rest_route=\/wp\/v2\/pages\/175\/revisions\/1755"}],"wp:attachment":[{"href":"https:\/\/fayssac.fr\/index.php?rest_route=%2Fwp%2Fv2%2Fmedia&parent=175"}],"curies":[{"name":"wp","href":"https:\/\/api.w.org\/{rel}","templated":true}]}}